 2*p - 3*p + 916. Is d a composite number?
False
Suppose -4*q + 7 + 2 = b, -3*q = -3. Is 382/b + (-18)/(-30) prime?
False
Let y(s) = -2*s**2 + 3*s + 7. Let g be y(5). Let h = 59 + g. Is h a prime number?
True
Let v(f) = -f**3 - 12*f**2 - 7*f - 9. Let x be v(-12). Suppose -2*l + 187 = -x. Is l a composite number?
False
Let j(k) = 8*k + k**3 - 5*k**3 - 1 + 3*k**3 + 7*k**2 + 8. Is j(-5) a composite number?
True
Suppose -2*x + 31 = -x. Is x composite?
False
Let u(h) = 4*h**3 - 4*h**2 + 5*h - 4. Let a(s) be the third derivative of -s**6/120 - s**5/10 - s**4/4 - s**3/3 - 2*s**2. Let q be a(-5). Is u(q) prime?
True
Suppose -31 = -2*n + 71. Suppose d + 0*d - n = -4*p, -3*d = -4*p - 217. Is d a composite number?
False
Let h be 0/1 + (-2 - -2). Suppose h = -n - 5*s - 0*s + 12, -5*n = -3*s - 32. Suppose -2*g + 485 = n*m - 2*m, 0 = -2*m - g + 194. Is m prime?
True
Suppose -9*f + 5*f = -568. Is f prime?
False
Let i be (-2)/(-9) - (-356)/18. Suppose -4 - i = 4*h. Let v(k) = -k**3 - 6*k**2 - 5*k - 7. Is v(h) prime?
True
Let v = 10 + -5. Suppose a + 2*a - j = 55, v*a - 90 = 2*j. Let p = 11 + a. Is p prime?
True
Suppose 2*o = 2*a - 122, 76 = -4*a - 5*o + 365. Suppose -y - y = -a. Is y a prime number?
False
Suppose -5*s = -0*s - 55. Let u = s - -212. Is u composite?
False
Suppose 625 - 2829 = -4*i. Is i a composite number?
True
Let k = 321 - 91. Suppose k = -3*h + 809. Suppose 0 = 4*g - 571 - h. Is g composite?
False
Let l = 1872 + -1171. Is l prime?
True
Let q(x) = -3*x**2 - x - 1. Let t be q(-1). Let v be 2*(2 + t + 19). Is v + -1 + 4 + -2 a composite number?
False
Suppose -244 = -2*s + 122. Suppose 0*j + j = s. Is j composite?
True
Let k = 5521 + -3072. Is k a composite number?
True
Let j(i) = 5 - 2 + 0*i**2 - 2 - 5*i + 2*i**2. Is j(8) a prime number?
True
Let x = -854 + 1545. Is x a composite number?
False
Let o(l) be the second derivative of 1/6*l**3 - 2*l**2 + 3*l + 0 + 2/3*l**4. Is o(-3) composite?
True
Suppose -5*n + n + 4512 = 0. Suppose n + 37 = 5*r. Is r a prime number?
True
Let i(z) = 3*z**2 + z - 2. Let b = 4 + -2. Let c be i(b). Suppose 0 = -4*x + 120 + c. Is x a composite number?
True
Is (-3 + -160)/(-3 - -2) prime?
True
Let u = 4 + -3. Is 90/6 - 0/u a composite number?
True
Let f(g) = 615*g**2 + 3*g + 2. Is f(-1) prime?
False
Suppose 3*g - 191 = 2*g. Suppose -2*t + t + g = 0. Is t a prime number?
True
Is -1 + 0 - (3 + 785)/(-1) prime?
True
Let v be (-1)/((-2)/304) - -1. Suppose 3*a = -0*a + v. Is a composite?
True
Let p = 375 + 2644. Is p composite?
False
Suppose -4*k + 2*o - 38 = 0, 0*o - 22 = 2*k - 2*o. Let p(j) = 21*j - 1. Let a be p(k). Let q = -110 - a. Is q a composite number?
False
Let t = 133 - -126. Is t a prime number?
False
Suppose -4*x - x - 3*d = -940, 0 = 4*x + 4*d - 760. Suppose -x - 68 = -c. Is c a prime number?
False
Let u = -60 - -81. Is u prime?
False
Let k(s) = -18 + 6*s**2 + 5*s**2 - s**3 + 14. Let b be k(9). Let u = b - 91. Is u prime?
True
Let m = 1173 + -766. Suppose 0 = 3*p - 2*p - 5. Suppose -22 = p*d - m. Is d a prime number?
False
Suppose -2*n = -3*n + 7559. Is n composite?
False
Let h(y) be the second derivative of -y**3/2 - y**2/2 - 2*y. Is h(-4) composite?
False
Suppose 4*y + y = 0. Let o be (-2 + (-3)/(-3))*y. Suppose o*p = -4*p + 340. Is p a composite number?
True
Suppose 0 = -5*c + 799 + 171. Let g = 355 - c. Is g a prime number?
False
Let x be -3 + 7 - 4/2. Is (-74)/(-5 - (x - 5)) a prime number?
True
Let l(w) = 3*w**2 + 4*w - 439. Let i(o) = -o**2 - o - 1. Let s(f) = -4*i(f) - l(f). Is s(0) a composite number?
False
Suppose 0 = 3*t - 13 - 2. Let x(s) = -11*s - 2. Let b(c) = -10*c - 1. Let u(i) = -7*b(i) + 6*x(i). Is u(t) composite?
True
Suppose -8 = -l + 6. Is l prime?
False
Suppose 2*z + 2*z = -2*j - 18, -2*j = -z + 13. Let g = 11 + j. Is g a prime number?
False
Let y = 15 - 11. Suppose -98 = -y*k - 3*p + p, 0 = 5*k + p - 118. Is k a composite number?
False
Suppose 0 = 2*q - 7220 + 478. Is q a composite number?
False
Let d(n) be the second derivative of -n**6/360 + 2*n**5/15 - 3*n**4/8 - n**3/3 - 3*n. Let t(h) be the second derivative of d(h). Is t(6) a composite number?
True
Suppose 3*h + 5*q - 177 = 0, -h - 3*h = 2*q - 236. Is h a prime number?
True
Let m(t) = 10*t**3 + 3*t**2 - 5*t - 1. Is m(6) prime?
True
Let a = -1 + -1. Let z be 0*(-1 + a)/3. Suppose -2*t + 5*t - 78 = z. Is t a composite number?
True
Let f(h) = -h**2 - 4*h + 4. Let d be f(-4). Let p be (-6)/(-12) - (-6)/d. Suppose 0 = c - p*c + 21. Is c a prime number?
False
Let y(n) = -n**2 - 13*n - 8. Let m be y(-6). Suppose 4*v - 3*v = m. Is v prime?
False
Suppose 4*n - 104 = 144. Is n a prime number?
False
Suppose 2*s - 2*o = -0*o - 172, -74 = s + 5*o. Let w = 158 + s. Is w composite?
True
Let c(o) = 2*o + 4*o + 2 - 6*o**2 + 7*o**2. Let a be c(-5). Is 3/(a/(-37))*1 a prime number?
True
Let x(a) = a**3 - 9*a**2 + 7*a - 3. Let i be x(7). Let d = 87 + i. Is d a prime number?
False
Suppose 1 = 2*h - 4*h - x, 0 = -h - 2*x - 2. Suppose 0*o - o + 59 = h. Is o prime?
True
Is 1400 + (-1)/5 + 66/30 composite?
True
Suppose -6*l + 0*l + 354 = 0. Is l a prime number?
True
Suppose -2*f = 3*w + 4 - 9, 1 = 3*w + 4*f. Let i(g) be the second derivative of 9*g**3/2 + g**2 + g. Is i(w) a prime number?
True
Suppose 0*q = 2*q - 76. Let r = -11 + 22. Let f = q + r. Is f composite?
True
Let g(t) = 8*t**3 - 3*t**2 - 4*t + 2. Is g(3) a composite number?
False
Let a = -34 - -53. Is a prime?
True
Suppose 0 = 2*l - 12 + 2. Suppose l*x = -5*u + 105, -111 = -5*x + 2*u - 4*u. Let v = 42 - x. Is v prime?
True
Suppose -s + 1 = -3*q, -4*s + 0*s = q - 17. Suppose -177 = -7*t + s*t. Is t a prime number?
True
Let g(u) = u**3 + 7*u**2 - 9*u + 5. Suppose -4*s = -7*s - 24. Is g(s) composite?
False
Let o = 8 - 9. Let z(l) = -66*l - 1. Is z(o) a prime number?
False
Let g(k) be the first derivative of -15*k**2/2 + 6*k + 2. Let r be g(-5). Let y = r - 46. Is y a composite number?
True
Is 12110/(-28)*8/(-10) a prime number?
False
Let w = 8 + -1. Suppose w*v = 4*v + 231. Is v a prime number?
False
Suppose -5*s + 6*h - 2*h = 3, 3*h = s + 5. Is (1/s)/((-5)/(-105)) prime?
False
Suppose -c = k - 3*k, -4*k - 5*c = 14. Let z be ((-6)/k)/((-6)/(-4)). Is -2*((-30)/z - 0) prime?
False
Is 0 + (-6)/8 + (-10075)/(-20) composite?
False
Let q be (-1 + 9)/((-2)/4). Let g = -9 - q. Is g a composite number?
False
Let k(u) = u**2 + u + 5. Let r be k(0). Suppose 4*w + 4*o = 80, -r*o + 0*o = 4*w - 82. Let a = 40 - w. Is a prime?
False
Suppose -4*z - 7566 = -3*v - 1067, -3*v + 6479 = z. Is v a composite number?
False
Suppose d - 101 = -4*r, -2*d + 258 = 4*r + 36. Suppose 194 + 365 = 5*a - 2*s, a - 5*s = d. Is a composite?
True
Let o(n) = -3*n**3 - 1. Let j = 0 - 1. Let y be o(j). Suppose 2*t - y*v = 5*t - 57, 4*t - 69 = -5*v. Is t a prime number?
False
Let p(z) = 4*z**2 + 9*z - 4. Let w be p(8). Suppose -2*d + w = -2*h, -3*d = 5*h - 520 + 26. Is d composite?
False
Is 3/(-7) + ((-9652)/7)/(-2) composite?
True
Let i = 397 - 162. Suppose a - 78 = 5*m - 6, 3*a = -4*m + i. Is a a prime number?
False
Let y = -1065 + 1791. Suppose 0 = 2*o + 252 - y. Is o composite?
True
Suppose m - 4 = -0*m. Suppose 2*o - 5*o = m*r - 1365, -3*r + 1005 = -4*o. Is r a composite number?
True
Let y be (-10 - -9) + 8/2. Let b = y + 0. Suppose -2*o = b*d - 65, -2*o = -3*d - 2*d - 57. Is o prime?
True
Let j(s) be the second derivative of -s**3/3 + 3*s**2 + 5*s. Let t be j(7). Is (-1)/(-2) - 164/t composite?
True
Let x(u) = -112*u + 5. Is x(-5) a prime number?
False
Suppose -5*q - 8 = -q. Is (2*-13)/(4/q) a prime number?
True
Suppose -t + 67 + 196 = 0. Is t composite?
False
Let y be 12/(-18) + (-16)/(-6). Suppose y*x + 62 = 220. Is x a composite number?
False
Let b = -10026 - -16831. Is b a prime number?
False
Let t(x) = x + 3. Let p be t(3). Let z = p - 4. Suppose 0 = -2*r - z*i - 41 + 101, -25 = 5*i. Is r composite?
True
Let g(j) = j + 3. Let x be g(7). Let u(m) = -m**2 + 12*m - 14. Let b be u(x). Let o = 7 + b. Is o a prime number?
True
Suppose 0 = 5*a + 2*f - 19, 4*a + 5*f - 13 = 3*a. Suppose 3*y - w + 5 = 0, w = y - a + 8. Suppose y = m + m - 178. Is m a prime number?
True
Let l be (-12)/(1 - -1)*1. Let z be 1 - 0 - (l + 4). Suppose 3*h - 249 + 81 = -3*y, -z*y + 5*h + 144 = 0. Is y composite?
False
Let d be (0/(-1) - 1)*-2. Suppose k - 3